the remainder when 23972 is divided by 136.
36
What is the remainder when 333998 is divided by 10117?
137
What is the remainder when 80249797 is divided by 26749932?
1
What is the remainder when 89704680 is divided by 10318?
10306
Calculate the remainder when 842554 is divided by 53.
13
What is the remainder when 683516 is divided by 170879?
0
Calculate the remainder when 79779 is divided by 19944.
3
What is the remainder when 2239059 is divided by 52?
43
What is the remainder when 533911 is divided by 13674?
625
What is the remainder when 14124 is divided by 4619?
267
What is the remainder when 150592 is divided by 1299?
1207
What is the remainder when 32717260 is divided by 1112?
1108
Calculate the remainder when 150274973 is divided by 93.
86
What is the remainder when 1149468 is divided by 28?
12
What is the remainder when 62602364 is divided by 128?
124
What is the remainder when 94579 is divided by 6439?
4433
What is the remainder when 2984962 is divided by 265?
2
Calculate the remainder when 259482066 is divided by 63.
60
Calculate the remainder when 9978769 is divided by 2381.
2379
What is the remainder when 44432 is divided by 403?
102
Calculate the remainder when 72288 is divided by 148.
64
Calculate the remainder when 704803 is divided by 5805.
2398
What is the remainder when 6685209 is divided by 3342581?
47
Calculate the remainder when 30461 is divided by 7374.
965
Calculate the remainder when 292454835 is divided by 1143.
1140
What is the remainder when 1171140 is divided by 41826?
12
Calculate the remainder when 4672985 is divided by 934595.
10
What is the remainder when 6060094 is divided by 74?
12
Calculate the remainder when 9063 is divided by 263.
121
What is the remainder when 77849 is divided by 2188?
1269
What is the remainder when 25815026 is divided by 18?
2
Calculate the remainder when 100313 is divided by 83.
49
Calculate the remainder when 14854 is divided by 909.
310
Calculate the remainder when 39132 is divided by 46.
32
What is the remainder when 39013996 is divided by 711?
4
Calculate the remainder when 10714295 is divided by 1034.
1021
Calculate the remainder when 59220686 is divided by 17.
13
Calculate the remainder when 607882 is divided by 1238.
24
Calculate the remainder when 98395982 is divided by 10441.
10439
What is the remainder when 22378 is divided by 11163?
52
Calculate the remainder when 28964413 is divided by 9654804.
1
What is the remainder when 7309195 is divided by 495?
25
Calculate the remainder when 4824 is divided by 3352.
1472
Calculate the remainder when 4693559 is divided by 9167.
55
Calculate the remainder when 8720759 is divided by 267.
5
What is the remainder when 12453 is divided by 5244?
1965
What is the remainder when 63669342 is divided by 9905?
2
Calculate the remainder when 6974008 is divided by 26.
2
Calculate the remainder when 8055587 is divided by 3566.
3559
Calculate the remainder when 350903 is divided by 2900.
3
What is the remainder when 49129637 is divided by 4094136?
5
What is the remainder when 376987 is divided by 6078?
151
Calculate the remainder when 66311 is divided by 16150.
1711
Calculate the remainder when 7474025 is divided by 533857.
27
What is the remainder when 573395 is divided by 191060?
215
Calculate the remainder when 43325528 is divided by 207.
14
What is the remainder when 2839148 is divided by 283914?
8
What is the remainder when 635043343 is divided by 446?
445
Calculate the remainder when 26663806 is divided by 6665947.
18
Calculate the remainder when 83720 is divided by 83717.
3
What is the remainder when 113323 is divided by 5383?
280
Calculate the remainder when 2190495 is divided by 1449.
1056
What is the remainder when 2571641 is divided by 669?
5
What is the remainder when 111057275 is divided by 11?
10
Calculate the remainder when 1708776 is divided by 2916.
0
What is the remainder when 10947096 is divided by 128?
24
What is the remainder when 1133646 is divided by 283410?
6
Calculate the remainder when 2805761 is divided by 1368.
1361
Calculate the remainder when 1911069 is divided by 637014.
27
What is the remainder when 2185576 is divided by 562?
520
What is the remainder when 1751100 is divided by 1347?
0
Calculate the remainder when 220099 is divided by 1033.
70
What is the remainder when 130573 is divided by 988?
157
Calculate the remainder when 11779265 is divided by 379975.
40
Calculate the remainder when 5068547 is divided by 213.
212
What is the remainder when 255965 is divided by 715?
710
Calculate the remainder when 667997 is divided by 102.
101
Calculate the remainder when 140720 is divided by 46804.
308
Calculate the remainder when 1281398 is divided by 2150.
2148
Calculate the remainder when 382568414 is divided by 3157.
3154
Calculate the remainder when 3086044017 is divided by 23.
19
Calculate the remainder when 2723862 is divided by 17.
3
Calculate the remainder when 240577 is divided by 75248.
14833
What is the remainder when 524044 is divided by 193?
49
What is the remainder when 68995 is divided by 5777?
5448
What is the remainder when 38476 is divided by 6748?
4736
What is the remainder when 10274061 is divided by 1284256?
13
What is the remainder when 35365 is divided by 11765?
70
Calculate the remainder when 792867 is divided by 1695.
1302
Calculate the remainder when 159796 is divided by 317.
28
What is the remainder when 4845624 is divided by 41?
39
What is the remainder when 366126 is divided by 744?
78
Calculate the remainder when 289215 is divided by 144453.
309
Calculate the remainder when 134783 is divided by 44898.
89
What is the remainder when 29493 is divided by 2107?
2102
Calculate the remainder when 1769828 is divided by 31603.
60
What is the remainder when 193739018 is divided by 966?
956
What is the remainder when 526237 is divided by 6340?
17
Calculate the remainder when 4739672 is divided by 71.
67
What is the remainder when 57550 is divided by 18659?
1573
What is the remainder when 782809 is divided by 16212?
4633
What is the remainder when 1461271 is divided by 595?
546
What is the remainder when 677559 is divided by 14?
1
What is the remainder when 1239145 is divided by 137652?
277
What is the remainder when 7232861 is divided by 1183?
1182
What is the remainder when 3714872 is divided by 28?
0
What is the remainder when 6176046 is divided by 49?
37
Calculate the remainder when 265536 is divided by 36.
0
What is the remainder when 2629077 is divided by 12343?
18
What is the remainder when 93715658 is divided by 63?
8
What is the remainder when 141276 is divided by 2943?
12
Calculate the remainder when 339481 is divided by 339419.
62
What is the remainder when 39466145 is divided by 2201?
14
Calculate the remainder when 6722833 is divided by 6867.
40
What is the remainder when 361053 is divided by 51039?
3780
Calculate the remainder when 1927672 is divided by 64.
56
What is the remainder when 91293 is divided by 22741?
329
What is the remainder when 32351934 is divided by 3258?
3252
What is the remainder when 593961 is divided by 62?
1
Calculate the remainder when 5342142 is divided by 21.
15
What is the remainder when 16672829 is divided by 121?
118
What is the remainder when 1054875 is divided by 2257?
856
Calculate the remainder when 56835333 is divided by 217.
212
What is the remainder when 91537 is divided by 8312?
105
What is the remainder when 610757 is divided by 19?
2
What is the remainder when 106321 is divided by 1545?
1261
Calculate the remainder when 396188 is divided by 506.
496
What is the remainder when 3877007 is divided by 2305?
2302
Calculate the remainder when 1841561 is divided by 184156.
1
What is the remainder when 731007 is divided by 446?
13
Calculate the remainder when 8548 is divided by 3136.
2276
Calculate the remainder when 12044 is divided by 2991.
80
Calculate the remainder when 29131746 is divided by 300327.
27
Calculate the remainder when 37656650 is divided by 293.
290
Calculate the remainder when 74293 is divided by 529.
233
Calculate the remainder when 39753191 is divided by 1191.
1184
Calculate the remainder when 6095330 is divided by 671.
637
Calculate the remainder when 34671793 is divided by 3262.
3257
Calculate the remainder when 6170607 is divided by 6.
3
W